at are the prime factors of 96027503?
11, 13, 659, 1019
What are the prime factors of 161201507?
161201507
List the prime factors of 111588963.
3, 1663, 22367
What are the prime factors of 15139614?
2, 3, 7, 71, 5077
What are the prime factors of 5033653217?
53, 94974589
What are the prime factors of 152134642?
2, 11, 89, 77699
List the prime factors of 6509415.
3, 5, 11, 39451
List the prime factors of 3770372072.
2, 71, 6637979
List the prime factors of 1639268254.
2, 13, 63048779
List the prime factors of 160452942.
2, 3, 13, 37, 53, 1049
What are the prime factors of 110988265?
5, 71, 312643
What are the prime factors of 87396?
2, 3, 7283
What are the prime factors of 26301170?
2, 5, 7, 73, 5147
List the prime factors of 21441832.
2, 31, 2789
What are the prime factors of 321865381?
23, 241, 58067
List the prime factors of 6320727894.
2, 3, 13, 81034973
What are the prime factors of 820487727?
3, 373, 244411
List the prime factors of 103658925.
3, 5, 107, 12917
What are the prime factors of 116077735?
5, 23215547
What are the prime factors of 51959072?
2, 11, 17, 19, 457
What are the prime factors of 4140813893?
37, 2143, 52223
What are the prime factors of 134431203?
3, 44810401
List the prime factors of 91478337.
3, 23, 1325773
List the prime factors of 340881889.
340881889
List the prime factors of 1835211357.
3, 7, 131, 10589
What are the prime factors of 888241663?
631, 1151, 1223
What are the prime factors of 340712813?
7, 48673259
List the prime factors of 1039457240.
2, 5, 25986431
What are the prime factors of 80799202?
2, 11, 59, 5659
What are the prime factors of 3060021656?
2, 31, 37, 9013
List the prime factors of 8007481223.
7, 1143925889
What are the prime factors of 413618344?
2, 107, 137, 3527
List the prime factors of 43884140.
2, 5, 17, 337, 383
What are the prime factors of 541454312?
2, 7, 4027
What are the prime factors of 1054946933?
41, 25730413
What are the prime factors of 3365652768?
2, 3, 29, 1208927
List the prime factors of 7338546163.
13, 103, 5480617
What are the prime factors of 1853100018?
2, 3, 7, 11, 23, 2153
What are the prime factors of 2617678873?
809, 3235697
List the prime factors of 4780347547.
241, 19835467
What are the prime factors of 10572300?
2, 3, 5, 17, 691
What are the prime factors of 4338835564?
2, 7, 154958413
List the prime factors of 63765871.
13, 4905067
List the prime factors of 56732340.
2, 3, 5, 7, 135077
What are the prime factors of 148884621?
3, 97, 511631
List the prime factors of 50092624.
2, 3130789
What are the prime factors of 98808489?
3, 13, 844517
What are the prime factors of 38658698?
2, 13, 1486873
What are the prime factors of 84918099?
3, 7, 4043719
What are the prime factors of 1029850374?
2, 3, 7, 24520247
What are the prime factors of 45862458?
2, 3, 941, 8123
What are the prime factors of 888299358?
2, 3, 31, 41, 116483
List the prime factors of 275335447.
47, 5858201
What are the prime factors of 430235724?
2, 3, 35852977
List the prime factors of 147244867.
7, 11, 37, 51683
List the prime factors of 77794207.
431, 180497
List the prime factors of 1270270318.
2, 16453, 38603
What are the prime factors of 1680045779?
1680045779
What are the prime factors of 95279235?
3, 5, 73, 87013
What are the prime factors of 62509692?
2, 3, 7, 15187
What are the prime factors of 77040794?
2, 2591, 14867
List the prime factors of 74401392.
2, 3, 13, 119233
What are the prime factors of 731175952?
2, 13, 3515269
What are the prime factors of 45306134?
2, 22653067
List the prime factors of 203580595.
5, 40716119
List the prime factors of 30991137.
3, 2287, 4517
What are the prime factors of 1813421772?
2, 3, 661, 76207
What are the prime factors of 3510762054?
2, 3, 79, 83, 89237
List the prime factors of 1409640786.
2, 3, 3919, 6661
What are the prime factors of 3096692383?
3096692383
What are the prime factors of 56490485?
5, 11298097
What are the prime factors of 3390319972?
2, 13, 521, 125141
What are the prime factors of 262659787?
13, 419, 48221
List the prime factors of 1658059507.
13, 173, 56711
What are the prime factors of 1118127071?
199, 5618729
What are the prime factors of 33985788?
2, 3, 17, 166597
What are the prime factors of 322852741?
353, 914597
List the prime factors of 1055426590.
2, 5, 1039, 101581
What are the prime factors of 644448821?
19, 33918359
List the prime factors of 816769770.
2, 3, 5, 27225659
List the prime factors of 620164296.
2, 3, 107, 26833
List the prime factors of 1226307499.
41, 67, 446417
What are the prime factors of 63588391?
63588391
What are the prime factors of 161708911?
7, 13, 59, 30119
What are the prime factors of 1658097603?
3, 751, 245317
List the prime factors of 62758745.
5, 7, 1793107
List the prime factors of 14220042.
2, 3, 2370007
List the prime factors of 2231765.
5, 446353
What are the prime factors of 318729633?
3, 29, 3663559
What are the prime factors of 134146409?
109, 457, 2693
List the prime factors of 864366116.
2, 107, 281, 7187
List the prime factors of 2158593376.
2, 191, 353173
List the prime factors of 67116298.
2, 37, 167, 5431
List the prime factors of 2211137707.
2341, 944527
List the prime factors of 137039581.
7, 43, 307, 1483
List the prime factors of 1026623997.
3, 7, 5431873
List the prime factors of 46300295.
5, 821, 11279
What are the prime factors of 107101668?
2, 3, 137, 65147
List the prime factors of 37632717.
3, 4181413
What are the prime factors of 1235758640?
2, 5, 709, 21787
List the prime factors of 40490558.
2, 19, 557, 1913
What are the prime factors of 3708809403?
3, 13, 17, 31, 5821
List the prime factors of 2914097743.
31, 5279, 17807
List the prime factors of 98074739.
7, 3313, 4229
What are the prime factors of 37506281?
37506281
What are the prime factors of 1579994694?
2, 3, 179, 223, 733
What are the prime factors of 158859035?
5, 31, 137, 7481
List the prime factors of 488664809.
37, 179, 73783
List the prime factors of 132332275.
5, 5293291
List the prime factors of 112704703.
1693, 66571
List the prime factors of 1789564.
2, 7, 63913
What are the prime factors of 436903198?
2, 218451599
What are the prime factors of 774695442?
2, 3, 1201, 107507
What are the prime factors of 311427700?
2, 5, 3114277
List the prime factors of 67324433.
11, 1427, 4289
What are the prime factors of 177280882?
2, 2851, 31091
List the prime factors of 161447170.
2, 5, 16144717
What are the prime factors of 42885870?
2, 3, 5, 1429529
List the prime factors of 157878340.
2, 5, 79, 99923
What are the prime factors of 10059833?
7, 47, 30577
List the prime factors of 47916843.
3, 13, 23, 53419
What are the prime factors of 1180076772?
2, 3, 7, 14048533
List the prime factors of 61220408.
2, 7652551
List the prime factors of 40500005.
5, 7, 13, 41, 167
What are the prime factors of 18933377?
79, 443, 541
What are the prime factors of 607528805?
5, 13, 659, 1091
What are the prime factors of 1482434653?
7, 197, 1075007
List the prime factors of 2188363163.
7, 53, 2179, 2707
List the prime factors of 145826037.
3, 7, 2314699
List the prime factors of 29215929.
3, 919, 10597
What are the prime factors of 2256364285?
5, 7, 19, 23, 29, 5087
What are the prime factors of 35176770?
2, 3, 5, 41, 9533
List the prime factors of 3383881203.
3, 1127960401
List the prime factors of 561470.
2, 5, 7, 13, 617
List the prime factors of 92386351.
92386351
What are the prime factors of 365962057?
127, 2881591
What are the prime factors of 429007560?
2, 3, 5, 43, 71, 1171
List the prime factors of 28599201.
3, 3177689
List the prime factors of 8537182.
2, 59, 71, 1019
What are the prime factors of 540133465?
5, 108026693
What are the prime factors of 22618625?
5, 180949
What are the prime factors of 151654554?
2, 3, 8425253
List the prime factors of 70961975.
5, 7, 405497
What are the prime factors of 51680495?
5, 47, 219917
What are the prime factors of 79188328?
2, 29, 173, 1973
List the prime factors of 360116000.
2, 5, 197, 457
What are the prime factors of 36687011?
1069, 34319
What are the prime factors of 2451991298?
2, 1225995649
List the prime factors of 151390419.
3, 53, 952141
List the prime factors of 344116868.
2, 331, 259907
List the prime factors of 148993753.
43, 3464971
What are the prime factors 